{"id":112426,"date":"2019-09-11T08:35:22","date_gmt":"2019-09-11T08:35:22","guid":{"rendered":"https:\/\/www.czechdoor.cz\/product\/2fs2-la3\/"},"modified":"2019-09-11T08:35:22","modified_gmt":"2019-09-11T08:35:22","slug":"2fs2-la3","status":"publish","type":"product","link":"https:\/\/www.czechdoor.cz\/de\/product\/2fs2-la3\/","title":{"rendered":"2FS2-LA3"},"content":{"rendered":"<p>2FS2-LA3<\/p>\n","protected":false},"excerpt":{"rendered":"<p>2FS2-LA3<\/p>\n","protected":false},"featured_media":112427,"comment_status":"open","ping_status":"closed","template":"","meta":[],"product_cat":[84],"product_tag":[],"class_list":{"0":"post-112426","1":"product","2":"type-product","3":"status-publish","4":"has-post-thumbnail","6":"product_cat-fs-glass","8":"first","9":"instock","10":"shipping-taxable","11":"product-type-variable"},"yoast_head":"<!-- This site is optimized with the Yoast SEO plugin v23.4 - https:\/\/yoast.com\/wordpress\/plugins\/seo\/ -->\n<title>2FS2-LA3 - Innent\u00fcren aus Massivholz<\/title>\n<meta name=\"robots\" content=\"index, follow, max-snippet:-1, max-image-preview:large, max-video-preview:-1\" \/>\n<link rel=\"canonical\" href=\"https:\/\/www.czechdoor.cz\/ru\/product\/2fs2-la3\/\" \/>\n<meta property=\"og:locale\" content=\"de_DE\" \/>\n<meta property=\"og:type\" content=\"article\" \/>\n<meta property=\"og:title\" content=\"2FS2-LA3 - Innent\u00fcren aus Massivholz\" \/>\n<meta property=\"og:description\" content=\"2FS2-LA3\" \/>\n<meta property=\"og:url\" content=\"https:\/\/www.czechdoor.cz\/ru\/product\/2fs2-la3\/\" \/>\n<meta property=\"og:site_name\" content=\"Innent\u00fcren aus Massivholz\" \/>\n<meta property=\"og:image\" content=\"https:\/\/www.czechdoor.cz\/wp-content\/uploads\/2FS2-LA3_BS_1.jpg\" \/>\n\t<meta property=\"og:image:width\" content=\"400\" \/>\n\t<meta property=\"og:image:height\" content=\"800\" \/>\n\t<meta property=\"og:image:type\" content=\"image\/jpeg\" \/>\n<meta name=\"twitter:card\" content=\"summary_large_image\" \/>\n<script type=\"application\/ld+json\" class=\"yoast-schema-graph\">{\"@context\":\"https:\/\/schema.org\",\"@graph\":[{\"@type\":\"WebPage\",\"@id\":\"https:\/\/www.czechdoor.cz\/ru\/product\/2fs2-la3\/\",\"url\":\"https:\/\/www.czechdoor.cz\/ru\/product\/2fs2-la3\/\",\"name\":\"2FS2-LA3 - Innent\u00fcren aus Massivholz\",\"isPartOf\":{\"@id\":\"https:\/\/www.czechdoor.cz\/cs\/#website\"},\"primaryImageOfPage\":{\"@id\":\"https:\/\/www.czechdoor.cz\/ru\/product\/2fs2-la3\/#primaryimage\"},\"image\":{\"@id\":\"https:\/\/www.czechdoor.cz\/ru\/product\/2fs2-la3\/#primaryimage\"},\"thumbnailUrl\":\"https:\/\/www.czechdoor.cz\/wp-content\/uploads\/2FS2-LA3_BS_1.jpg\",\"datePublished\":\"2019-09-11T08:35:22+00:00\",\"dateModified\":\"2019-09-11T08:35:22+00:00\",\"breadcrumb\":{\"@id\":\"https:\/\/www.czechdoor.cz\/ru\/product\/2fs2-la3\/#breadcrumb\"},\"inLanguage\":\"de\",\"potentialAction\":[{\"@type\":\"ReadAction\",\"target\":[\"https:\/\/www.czechdoor.cz\/ru\/product\/2fs2-la3\/\"]}]},{\"@type\":\"ImageObject\",\"inLanguage\":\"de\",\"@id\":\"https:\/\/www.czechdoor.cz\/ru\/product\/2fs2-la3\/#primaryimage\",\"url\":\"https:\/\/www.czechdoor.cz\/wp-content\/uploads\/2FS2-LA3_BS_1.jpg\",\"contentUrl\":\"https:\/\/www.czechdoor.cz\/wp-content\/uploads\/2FS2-LA3_BS_1.jpg\",\"width\":400,\"height\":800},{\"@type\":\"BreadcrumbList\",\"@id\":\"https:\/\/www.czechdoor.cz\/ru\/product\/2fs2-la3\/#breadcrumb\",\"itemListElement\":[{\"@type\":\"ListItem\",\"position\":1,\"name\":\"\u0413\u043b\u0430\u0432\u043d\u0430\u044f \u0441\u0442\u0440\u0430\u043d\u0438\u0446\u0430\",\"item\":\"https:\/\/www.czechdoor.cz\/de\/\"},{\"@type\":\"ListItem\",\"position\":2,\"name\":\"Produkte\",\"item\":\"https:\/\/www.czechdoor.cz\/de\/shop\/\"},{\"@type\":\"ListItem\",\"position\":3,\"name\":\"2FS2-LA3\"}]},{\"@type\":\"WebSite\",\"@id\":\"https:\/\/www.czechdoor.cz\/cs\/#website\",\"url\":\"https:\/\/www.czechdoor.cz\/cs\/\",\"name\":\"Innent\u00fcren aus Massivholz\",\"description\":\"Seit 28 Jahren stellt unser Betrieb T\u00fcren und Zargen aus Massivholz her.\",\"publisher\":{\"@id\":\"https:\/\/www.czechdoor.cz\/cs\/#organization\"},\"potentialAction\":[{\"@type\":\"SearchAction\",\"target\":{\"@type\":\"EntryPoint\",\"urlTemplate\":\"https:\/\/www.czechdoor.cz\/cs\/?s={search_term_string}\"},\"query-input\":{\"@type\":\"PropertyValueSpecification\",\"valueRequired\":true,\"valueName\":\"search_term_string\"}}],\"inLanguage\":\"de\"},{\"@type\":\"Organization\",\"@id\":\"https:\/\/www.czechdoor.cz\/cs\/#organization\",\"name\":\"CzechDoor. Interi\u00e9rov\u00e9 dve\u0159e z masivu\",\"url\":\"https:\/\/www.czechdoor.cz\/cs\/\",\"logo\":{\"@type\":\"ImageObject\",\"inLanguage\":\"de\",\"@id\":\"https:\/\/www.czechdoor.cz\/cs\/#\/schema\/logo\/image\/\",\"url\":\"https:\/\/www.czechdoor.cz\/wp-content\/uploads\/logo-czechdoor-ru.png\",\"contentUrl\":\"https:\/\/www.czechdoor.cz\/wp-content\/uploads\/logo-czechdoor-ru.png\",\"width\":550,\"height\":162,\"caption\":\"CzechDoor. Interi\u00e9rov\u00e9 dve\u0159e z masivu\"},\"image\":{\"@id\":\"https:\/\/www.czechdoor.cz\/cs\/#\/schema\/logo\/image\/\"}}]}<\/script>\n<!-- \/ Yoast SEO plugin. -->","yoast_head_json":{"title":"2FS2-LA3 - Innent\u00fcren aus Massivholz","robots":{"index":"index","follow":"follow","max-snippet":"max-snippet:-1","max-image-preview":"max-image-preview:large","max-video-preview":"max-video-preview:-1"},"canonical":"https:\/\/www.czechdoor.cz\/ru\/product\/2fs2-la3\/","og_locale":"de_DE","og_type":"article","og_title":"2FS2-LA3 - Innent\u00fcren aus Massivholz","og_description":"2FS2-LA3","og_url":"https:\/\/www.czechdoor.cz\/ru\/product\/2fs2-la3\/","og_site_name":"Innent\u00fcren aus Massivholz","og_image":[{"width":400,"height":800,"url":"https:\/\/www.czechdoor.cz\/wp-content\/uploads\/2FS2-LA3_BS_1.jpg","type":"image\/jpeg"}],"twitter_card":"summary_large_image","schema":{"@context":"https:\/\/schema.org","@graph":[{"@type":"WebPage","@id":"https:\/\/www.czechdoor.cz\/ru\/product\/2fs2-la3\/","url":"https:\/\/www.czechdoor.cz\/ru\/product\/2fs2-la3\/","name":"2FS2-LA3 - Innent\u00fcren aus Massivholz","isPartOf":{"@id":"https:\/\/www.czechdoor.cz\/cs\/#website"},"primaryImageOfPage":{"@id":"https:\/\/www.czechdoor.cz\/ru\/product\/2fs2-la3\/#primaryimage"},"image":{"@id":"https:\/\/www.czechdoor.cz\/ru\/product\/2fs2-la3\/#primaryimage"},"thumbnailUrl":"https:\/\/www.czechdoor.cz\/wp-content\/uploads\/2FS2-LA3_BS_1.jpg","datePublished":"2019-09-11T08:35:22+00:00","dateModified":"2019-09-11T08:35:22+00:00","breadcrumb":{"@id":"https:\/\/www.czechdoor.cz\/ru\/product\/2fs2-la3\/#breadcrumb"},"inLanguage":"de","potentialAction":[{"@type":"ReadAction","target":["https:\/\/www.czechdoor.cz\/ru\/product\/2fs2-la3\/"]}]},{"@type":"ImageObject","inLanguage":"de","@id":"https:\/\/www.czechdoor.cz\/ru\/product\/2fs2-la3\/#primaryimage","url":"https:\/\/www.czechdoor.cz\/wp-content\/uploads\/2FS2-LA3_BS_1.jpg","contentUrl":"https:\/\/www.czechdoor.cz\/wp-content\/uploads\/2FS2-LA3_BS_1.jpg","width":400,"height":800},{"@type":"BreadcrumbList","@id":"https:\/\/www.czechdoor.cz\/ru\/product\/2fs2-la3\/#breadcrumb","itemListElement":[{"@type":"ListItem","position":1,"name":"\u0413\u043b\u0430\u0432\u043d\u0430\u044f \u0441\u0442\u0440\u0430\u043d\u0438\u0446\u0430","item":"https:\/\/www.czechdoor.cz\/de\/"},{"@type":"ListItem","position":2,"name":"Produkte","item":"https:\/\/www.czechdoor.cz\/de\/shop\/"},{"@type":"ListItem","position":3,"name":"2FS2-LA3"}]},{"@type":"WebSite","@id":"https:\/\/www.czechdoor.cz\/cs\/#website","url":"https:\/\/www.czechdoor.cz\/cs\/","name":"Innent\u00fcren aus Massivholz","description":"Seit 28 Jahren stellt unser Betrieb T\u00fcren und Zargen aus Massivholz her.","publisher":{"@id":"https:\/\/www.czechdoor.cz\/cs\/#organization"},"potentialAction":[{"@type":"SearchAction","target":{"@type":"EntryPoint","urlTemplate":"https:\/\/www.czechdoor.cz\/cs\/?s={search_term_string}"},"query-input":{"@type":"PropertyValueSpecification","valueRequired":true,"valueName":"search_term_string"}}],"inLanguage":"de"},{"@type":"Organization","@id":"https:\/\/www.czechdoor.cz\/cs\/#organization","name":"CzechDoor. Interi\u00e9rov\u00e9 dve\u0159e z masivu","url":"https:\/\/www.czechdoor.cz\/cs\/","logo":{"@type":"ImageObject","inLanguage":"de","@id":"https:\/\/www.czechdoor.cz\/cs\/#\/schema\/logo\/image\/","url":"https:\/\/www.czechdoor.cz\/wp-content\/uploads\/logo-czechdoor-ru.png","contentUrl":"https:\/\/www.czechdoor.cz\/wp-content\/uploads\/logo-czechdoor-ru.png","width":550,"height":162,"caption":"CzechDoor. Interi\u00e9rov\u00e9 dve\u0159e z masivu"},"image":{"@id":"https:\/\/www.czechdoor.cz\/cs\/#\/schema\/logo\/image\/"}}]}},"_links":{"self":[{"href":"https:\/\/www.czechdoor.cz\/de\/wp-json\/wp\/v2\/product\/112426","targetHints":{"allow":["GET"]}}],"collection":[{"href":"https:\/\/www.czechdoor.cz\/de\/wp-json\/wp\/v2\/product"}],"about":[{"href":"https:\/\/www.czechdoor.cz\/de\/wp-json\/wp\/v2\/types\/product"}],"replies":[{"embeddable":true,"href":"https:\/\/www.czechdoor.cz\/de\/wp-json\/wp\/v2\/comments?post=112426"}],"wp:featuredmedia":[{"embeddable":true,"href":"https:\/\/www.czechdoor.cz\/de\/wp-json\/wp\/v2\/media\/112427"}],"wp:attachment":[{"href":"https:\/\/www.czechdoor.cz\/de\/wp-json\/wp\/v2\/media?parent=112426"}],"wp:term":[{"taxonomy":"product_cat","embeddable":true,"href":"https:\/\/www.czechdoor.cz\/de\/wp-json\/wp\/v2\/product_cat?post=112426"},{"taxonomy":"product_tag","embeddable":true,"href":"https:\/\/www.czechdoor.cz\/de\/wp-json\/wp\/v2\/product_tag?post=112426"}],"curies":[{"name":"wp","href":"https:\/\/api.w.org\/{rel}","templated":true}]}}

<!-- This site is optimized with the Yoast SEO plugin v23.4 - https://yoast.com/wordpress/plugins/seo/ -->
<title>2FS2-LA3 - Innentüren aus Massivholz</title>
<meta name="robots" content="index, follow, max-snippet:-1, max-image-preview:large, max-video-preview:-1" />
<link rel="canonical" href="https://www.czechdoor.cz/ru/product/2fs2-la3/" />
<meta property="og:locale" content="de_DE" />
<meta property="og:type" content="article" />
<meta property="og:title" content="2FS2-LA3 - Innentüren aus Massivholz" />
<meta property="og:description" content="2FS2-LA3" />
<meta property="og:url" content="https://www.czechdoor.cz/ru/product/2fs2-la3/" />
<meta property="og:site_name" content="Innentüren aus Massivholz" />
<meta property="og:image" content="https://www.czechdoor.cz/wp-content/uploads/2FS2-LA3_BS_1.jpg" />
	<meta property="og:image:width" content="400" />
	<meta property="og:image:height" content="800" />
	<meta property="og:image:type" content="image/jpeg" />
<meta name="twitter:card" content="summary_large_image" />
<script type="application/ld+json" class="yoast-schema-graph">{"@context":"https://schema.org","@graph":[{"@type":"WebPage","@id":"https://www.czechdoor.cz/ru/product/2fs2-la3/","url":"https://www.czechdoor.cz/ru/product/2fs2-la3/","name":"2FS2-LA3 - Innentüren aus Massivholz","isPartOf":{"@id":"https://www.czechdoor.cz/cs/#website"},"primaryImageOfPage":{"@id":"https://www.czechdoor.cz/ru/product/2fs2-la3/#primaryimage"},"image":{"@id":"https://www.czechdoor.cz/ru/product/2fs2-la3/#primaryimage"},"thumbnailUrl":"https://www.czechdoor.cz/wp-content/uploads/2FS2-LA3_BS_1.jpg","datePublished":"2019-09-11T08:35:22+00:00","dateModified":"2019-09-11T08:35:22+00:00","breadcrumb":{"@id":"https://www.czechdoor.cz/ru/product/2fs2-la3/#breadcrumb"},"inLanguage":"de","potentialAction":[{"@type":"ReadAction","target":["https://www.czechdoor.cz/ru/product/2fs2-la3/"]}]},{"@type":"ImageObject","inLanguage":"de","@id":"https://www.czechdoor.cz/ru/product/2fs2-la3/#primaryimage","url":"https://www.czechdoor.cz/wp-content/uploads/2FS2-LA3_BS_1.jpg","contentUrl":"https://www.czechdoor.cz/wp-content/uploads/2FS2-LA3_BS_1.jpg","width":400,"height":800},{"@type":"BreadcrumbList","@id":"https://www.czechdoor.cz/ru/product/2fs2-la3/#breadcrumb","itemListElement":[{"@type":"ListItem","position":1,"name":"Главная страница","item":"https://www.czechdoor.cz/de/"},{"@type":"ListItem","position":2,"name":"Produkte","item":"https://www.czechdoor.cz/de/shop/"},{"@type":"ListItem","position":3,"name":"2FS2-LA3"}]},{"@type":"WebSite","@id":"https://www.czechdoor.cz/cs/#website","url":"https://www.czechdoor.cz/cs/","name":"Innentüren aus Massivholz","description":"Seit 28 Jahren stellt unser Betrieb Türen und Zargen aus Massivholz her.","publisher":{"@id":"https://www.czechdoor.cz/cs/#organization"},"potentialAction":[{"@type":"SearchAction","target":{"@type":"EntryPoint","urlTemplate":"https://www.czechdoor.cz/cs/?s={search_term_string}"},"query-input":{"@type":"PropertyValueSpecification","valueRequired":true,"valueName":"search_term_string"}}],"inLanguage":"de"},{"@type":"Organization","@id":"https://www.czechdoor.cz/cs/#organization","name":"CzechDoor. Interiérové dveře z masivu","url":"https://www.czechdoor.cz/cs/","logo":{"@type":"ImageObject","inLanguage":"de","@id":"https://www.czechdoor.cz/cs/#/schema/logo/image/","url":"https://www.czechdoor.cz/wp-content/uploads/logo-czechdoor-ru.png","contentUrl":"https://www.czechdoor.cz/wp-content/uploads/logo-czechdoor-ru.png","width":550,"height":162,"caption":"CzechDoor. Interiérové dveře z masivu"},"image":{"@id":"https://www.czechdoor.cz/cs/#/schema/logo/image/"}}]}</script>
<!-- / Yoast SEO plugin. -->

2FS2-LA3 - Innentüren aus Massivholz

Innentüren aus Massivholz

Главная страница

Seit 28 Jahren stellt unser Betrieb Türen und Zargen aus Massivholz her.

CzechDoor. Interiérové dveře z masivu
